{"id":4,"date":"2023-02-07T16:46:43","date_gmt":"2023-02-07T16:46:43","guid":{"rendered":"https:\/\/fucb.de\/?page_id=4"},"modified":"2026-01-08T18:12:16","modified_gmt":"2026-01-08T18:12:16","slug":"willkommen-auf-https-fucb-de","status":"publish","type":"page","link":"https:\/\/fucb.de\/","title":{"rendered":"Willkommen"},"content":{"rendered":"\n<p>Sch\u00f6n, dass du da bist!<\/p>\n\n\n\n<p>Wir vom FUCB setzen uns mit Herz und Verstand f\u00fcr alle Besch\u00e4ftigten ein. Uns ist wichtig, dass jede Stimme geh\u00f6rt wird und wir gemeinsam einen Arbeitsplatz gestalten, an dem sich alle wohlf\u00fchlen k\u00f6nnen.<\/p>\n\n\n\n<p>Auf unserer Seite findest du Informationen zu unserer Arbeit, aktuelle Themen und die Menschen, die hinter dem Gremium stehen. Au\u00dferdem erh\u00e4ltst du praktische Hinweise zur kommenden Betriebsratswahl 2026 sowie Antworten auf viele h\u00e4ufige Fragen.<\/p>\n\n\n\n<p>Schau dich gerne um, komm mit deinen Anliegen auf uns zu \u2013 und lass uns zusammen daran arbeiten, dass unser Betrieb ein Ort bleibt, an dem Fairness, Respekt und Gemeinschaft gelebt werden.<\/p>\n\n\n\n<p>Wir freuen uns auf den Austausch mit dir!<\/p>\n\n\n\n<p>Dein FUCB<\/p>\n\n\n\n<hr class=\"wp-block-separator has-alpha-channel-opacity\"\/>\n\n\n\n<p>&nbsp;<\/p>\n\n\n\n<h1 class=\"wp-block-heading has-black-color has-luminous-vivid-amber-background-color has-text-color has-background has-link-color has-medium-font-size wp-elements-aff72e2d1e74c3af7a2b453ac7dc8abe\">News<\/h1>\n\n\n<ul class=\"wp-block-latest-posts__list is-grid columns-3 wp-block-latest-posts\"><li><div class=\"wp-block-latest-posts__featured-image\"><img decoding=\"async\" width=\"150\" height=\"150\" src=\"https:\/\/fucb.de\/wp-content\/uploads\/2026\/03\/danke-150x150.png\" class=\"attachment-thumbnail size-thumbnail wp-post-image\" alt=\"\" style=\"\" \/><\/div><a class=\"wp-block-latest-posts__post-title\" href=\"https:\/\/fucb.de\/?p=812\">Danke<\/a><div class=\"wp-block-latest-posts__post-excerpt\"><\/div><\/li>\n<li><div class=\"wp-block-latest-posts__featured-image\"><img decoding=\"async\" width=\"150\" height=\"150\" src=\"https:\/\/fucb.de\/wp-content\/uploads\/2026\/03\/results-150x150.png\" class=\"attachment-thumbnail size-thumbnail wp-post-image\" alt=\"\" style=\"\" \/><\/div><a class=\"wp-block-latest-posts__post-title\" href=\"https:\/\/fucb.de\/?p=807\">Wahl Ergebnis<\/a><div class=\"wp-block-latest-posts__post-excerpt\"><\/div><\/li>\n<\/ul>\n\n\n<p><\/p>\n","protected":false},"excerpt":{"rendered":"<p>Sch\u00f6n, dass du da bist! Wir vom FUCB setzen uns mit Herz und Verstand f\u00fcr alle Besch\u00e4ftigten ein. Uns ist wichtig, dass jede Stimme geh\u00f6rt wird und wir gemeinsam einen [&hellip;]<\/p>\n","protected":false},"author":1,"featured_media":0,"parent":0,"menu_order":0,"comment_status":"closed","ping_status":"closed","template":"","meta":{"footnotes":""},"folder":[],"class_list":["post-4","page","type-page","status-publish","hentry"],"publishpress_future_action":{"enabled":false,"date":"2026-04-24 09:10:27","action":"change-status","newStatus":"draft","terms":[],"taxonomy":"folder","extraData":[]},"publishpress_future_workflow_manual_trigger":{"enabledWorkflows":[]},"_links":{"self":[{"href":"https:\/\/fucb.de\/index.php?rest_route=\/wp\/v2\/pages\/4","targetHints":{"allow":["GET"]}}],"collection":[{"href":"https:\/\/fucb.de\/index.php?rest_route=\/wp\/v2\/pages"}],"about":[{"href":"https:\/\/fucb.de\/index.php?rest_route=\/wp\/v2\/types\/page"}],"author":[{"embeddable":true,"href":"https:\/\/fucb.de\/index.php?rest_route=\/wp\/v2\/users\/1"}],"replies":[{"embeddable":true,"href":"https:\/\/fucb.de\/index.php?rest_route=%2Fwp%2Fv2%2Fcomments&post=4"}],"version-history":[{"count":76,"href":"https:\/\/fucb.de\/index.php?rest_route=\/wp\/v2\/pages\/4\/revisions"}],"predecessor-version":[{"id":709,"href":"https:\/\/fucb.de\/index.php?rest_route=\/wp\/v2\/pages\/4\/revisions\/709"}],"wp:attachment":[{"href":"https:\/\/fucb.de\/index.php?rest_route=%2Fwp%2Fv2%2Fmedia&parent=4"}],"wp:term":[{"taxonomy":"folder","embeddable":true,"href":"https:\/\/fucb.de\/index.php?rest_route=%2Fwp%2Fv2%2Ffolder&post=4"}],"curies":[{"name":"wp","href":"https:\/\/api.w.org\/{rel}","templated":true}]}}